 113386?
2, 7, 13, 89
List the prime factors of 902.
2, 11, 41
List the prime factors of 967.
967
What are the prime factors of 53229?
3, 11, 1613
What are the prime factors of 1559?
1559
List the prime factors of 40176.
2, 3, 31
What are the prime factors of 3262?
2, 7, 233
What are the prime factors of 637?
7, 13
What are the prime factors of 93826?
2, 43, 1091
List the prime factors of 12985.
5, 7, 53
What are the prime factors of 16688?
2, 7, 149
What are the prime factors of 547?
547
List the prime factors of 131.
131
What are the prime factors of 1538?
2, 769
List the prime factors of 1047.
3, 349
List the prime factors of 187.
11, 17
What are the prime factors of 20190?
2, 3, 5, 673
List the prime factors of 146823.
3, 109, 449
List the prime factors of 398.
2, 199
What are the prime factors of 3259?
3259
List the prime factors of 69.
3, 23
List the prime factors of 3161.
29, 109
List the prime factors of 11251.
11251
What are the prime factors of 9069?
3, 3023
What are the prime factors of 413?
7, 59
What are the prime factors of 60184?
2, 7523
What are the prime factors of 286?
2, 11, 13
List the prime factors of 6703.
6703
List the prime factors of 3474.
2, 3, 193
What are the prime factors of 695?
5, 139
List the prime factors of 33257.
7, 4751
What are the prime factors of 120995?
5, 7, 3457
List the prime factors of 6027.
3, 7, 41
List the prime factors of 1228.
2, 307
What are the prime factors of 3854?
2, 41, 47
What are the prime factors of 23337?
3, 2593
List the prime factors of 10186.
2, 11, 463
List the prime factors of 41447.
7, 31, 191
List the prime factors of 2765.
5, 7, 79
List the prime factors of 20374.
2, 61, 167
What are the prime factors of 12966?
2, 3, 2161
What are the prime factors of 833?
7, 17
List the prime factors of 16278.
2, 3, 2713
List the prime factors of 489.
3, 163
What are the prime factors of 17533?
89, 197
What are the prime factors of 5903?
5903
List the prime factors of 416.
2, 13
What are the prime factors of 9721?
9721
What are the prime factors of 4032?
2, 3, 7
List the prime factors of 53035.
5, 10607
What are the prime factors of 81?
3
What are the prime factors of 58369?
58369
List the prime factors of 6958.
2, 7, 71
List the prime factors of 31688.
2, 17, 233
What are the prime factors of 726?
2, 3, 11
What are the prime factors of 1048?
2, 131
What are the prime factors of 2972?
2, 743
What are the prime factors of 9806?
2, 4903
What are the prime factors of 368?
2, 23
What are the prime factors of 101400?
2, 3, 5, 13
List the prime factors of 6321.
3, 7, 43
List the prime factors of 3752.
2, 7, 67
List the prime factors of 256.
2
What are the prime factors of 76836?
2, 3, 19, 337
What are the prime factors of 14170?
2, 5, 13, 109
What are the prime factors of 56410?
2, 5, 5641
What are the prime factors of 2592?
2, 3
What are the prime factors of 50705?
5, 10141
List the prime factors of 40020.
2, 3, 5, 23, 29
What are the prime factors of 71777?
71777
List the prime factors of 7154.
2, 7, 73
What are the prime factors of 18179?
7, 53
What are the prime factors of 7257?
3, 41, 59
List the prime factors of 1063.
1063
What are the prime factors of 1102?
2, 19, 29
What are the prime factors of 2738?
2, 37
What are the prime factors of 8124?
2, 3, 677
What are the prime factors of 1356?
2, 3, 113
What are the prime factors of 223?
223
List the prime factors of 13727.
7, 37, 53
List the prime factors of 2856.
2, 3, 7, 17
List the prime factors of 1914.
2, 3, 11, 29
List the prime factors of 42819.
3, 7, 2039
What are the prime factors of 28307?
28307
List the prime factors of 1467.
3, 163
What are the prime factors of 22149?
3, 23, 107
List the prime factors of 10623.
3, 3541
What are the prime factors of 327?
3, 109
What are the prime factors of 15755?
5, 23, 137
List the prime factors of 9980.
2, 5, 499
What are the prime factors of 1340?
2, 5, 67
What are the prime factors of 974?
2, 487
List the prime factors of 737.
11, 67
List the prime factors of 1689.
3, 563
List the prime factors of 10771.
10771
What are the prime factors of 69079?
37, 1867
What are the prime factors of 74?
2, 37
List the prime factors of 7661.
47, 163
What are the prime factors of 8864?
2, 277
List the prime factors of 1707.
3, 569
List the prime factors of 6828.
2, 3, 569
List the prime factors of 14139.
3, 1571
List the prime factors of 13469.
13469
What are the prime factors of 47911?
47911
What are the prime factors of 55413?
3, 47, 131
What are the prime factors of 106?
2, 53
List the prime factors of 8304.
2, 3, 173
List the prime factors of 68031.
3, 7559
What are the prime factors of 1285?
5, 257
What are the prime factors of 15867?
3, 41, 43
What are the prime factors of 11224?
2, 23, 61
What are the prime factors of 41152?
2, 643
What are the prime factors of 16166?
2, 59, 137
What are the prime factors of 396?
2, 3, 11
List the prime factors of 13232.
2, 827
What are the prime factors of 497?
7, 71
List the prime factors of 11493.
3, 1277
What are the prime factors of 20906?
2, 10453
List the prime factors of 360.
2, 3, 5
List the prime factors of 5400.
2, 3, 5
List the prime factors of 3390.
2, 3, 5, 113
List the prime factors of 4389.
3, 7, 11, 19
List the prime factors of 1220.
2, 5, 61
List the prime factors of 1152.
2, 3
List the prime factors of 6270.
2, 3, 5, 11, 19
List the prime factors of 30613.
11, 23
List the prime factors of 3429.
3, 127
What are the prime factors of 35964?
2, 3, 37
What are the prime factors of 2452?
2, 613
List the prime factors of 1836.
2, 3, 17
List the prime factors of 4682.
2, 2341
List the prime factors of 7119.
3, 7, 113
What are the prime factors of 32803?
32803
List the prime factors of 1310.
2, 5, 131
What are the prime factors of 969?
3, 17, 19
List the prime factors of 798.
2, 3, 7, 19
What are the prime factors of 4136?
2, 11, 47
List the prime factors of 563.
563
List the prime factors of 10302.
2, 3, 17, 101
List the prime factors of 3605.
5, 7, 103
What are the prime factors of 42563?
31, 1373
What are the prime factors of 83885?
5, 19, 883
What are the prime factors of 18680?
2, 5, 467
What are the prime factors of 619?
619
List the prime factors of 312.
2, 3, 13
List the prime factors of 934.
2, 467
List the prime factors of 11289.
3, 53, 71
List the prime factors of 12196.
2, 3049
What are the prime factors of 2214?
2, 3, 41
List the prime factors of 545.
5, 109
What are the prime factors of 10892?
2, 7, 389
What are the prime factors of 72718?
2, 103, 353
List the prime factors of 696.
2, 3, 29
List the prime factors of 311.
311
List the prime factors of 102.
2, 3, 17
What are the prime factors of 795?
3, 5, 53
List the prime factors of 12973.
12973
List the prime factors of 10777.
13, 829
What are the prime factors of 16325?
5, 653
What are the prime factors of 115110?
2, 3, 5, 1279
List the prime factors of 9159.
3, 43, 71
List the prime factors of 41079.
3, 13693
List the prime factors of 8334.
2, 3, 463
What are the prime factors of 12523?
7, 1789
List the prime factors of 5566.
2, 11, 23
List the prime factors of 47901.
3, 7, 2281
What are the prime factors of 18882?
2, 3, 1049
What are the prime factors of 7219?
7219
List the prime factors of 88096.
2, 2753
What are the prime factors of 18004?
2, 7, 643
List the prime factors of 34702.
2, 17351
List the prime factors of 1396.
2, 349
List the prime factors of 488.
2, 61
List the prime factors of 4733.
4733
List the prime factors of 36303.
3, 12101
List the prime factors of 866.
2, 433
What are the prime factors of 4902?
2, 3, 19, 43
List the prime factors of 31796.
2, 7949
List the prime factors of 140407.
140407
What are the prime factors of 2510?
2, 5, 251
What are the prime factors of 97?
97
List the prime factors of 6904.
2, 863
What are the prime factors of 55886?
2, 27943
List the prime factors of 17112.
2, 3, 23, 31
What are the prime factors of 1712?
2, 107
What are the prime factors of 1818?
2, 3, 101
List the prime factors of 3310.
2, 5, 331
What are the prime factors of 457?
457
List the prime factors of 38046.
2, 3, 17, 373
What are the prime factors of 6087?
3, 2029
What are the prime factors of 54518?
2, 27259
List the prime factors of 2971.
2971
List the prime factors of 17693.
1